[INFO] cloning repository https://github.com/sacooper/RustImageAlgos
[INFO] running `Command { std: "git" "-c" "credential.helper=" "-c" "credential.helper=/workspace/cargo-home/bin/git-credential-null" "clone" "--bare" "https://github.com/sacooper/RustImageAlgos" "/workspace/cache/git-repos/https%3A%2F%2Fgithub.com%2Fsacooper%2FRustImageAlgos", kill_on_drop: false }`
[INFO] [stderr] Cloning into bare repository '/workspace/cache/git-repos/https%3A%2F%2Fgithub.com%2Fsacooper%2FRustImageAlgos'...
[INFO] running `Command { std: "git" "rev-parse" "HEAD", kill_on_drop: false }`
[INFO] [stdout] 3d7b5507a6b8a37564e99c17cde70fec66ccb5a1
[INFO] checking sacooper/RustImageAlgos against try#72f88fc4e9458f89516a0b8b0868f3718aec5b47 for pr-74989
[INFO] running `Command { std: "git" "clone" "/workspace/cache/git-repos/https%3A%2F%2Fgithub.com%2Fsacooper%2FRustImageAlgos" "/workspace/builds/worker-3/source", kill_on_drop: false }`
[INFO] [stderr] Cloning into '/workspace/builds/worker-3/source'...
[INFO] [stderr] done.
[INFO] validating manifest of git repo https://github.com/sacooper/RustImageAlgos on toolchain 72f88fc4e9458f89516a0b8b0868f3718aec5b47
[INFO] running `Command { std: "/workspace/cargo-home/bin/cargo" "+72f88fc4e9458f89516a0b8b0868f3718aec5b47" "read-manifest" "--manifest-path" "Cargo.toml", kill_on_drop: false }`
[INFO] started tweaking git repo https://github.com/sacooper/RustImageAlgos
[INFO] finished tweaking git repo https://github.com/sacooper/RustImageAlgos
[INFO] tweaked toml for git repo https://github.com/sacooper/RustImageAlgos written to /workspace/builds/worker-3/source/Cargo.toml
[INFO] crate git repo https://github.com/sacooper/RustImageAlgos already has a lockfile, it will not be regenerated
[INFO] running `Command { std: "/workspace/cargo-home/bin/cargo" "+72f88fc4e9458f89516a0b8b0868f3718aec5b47" "fetch" "--locked" "--manifest-path" "Cargo.toml", kill_on_drop: false }`
[INFO] [stderr]     Blocking waiting for file lock on package cache
[INFO] [stderr]     Updating git repository `https://github.com/huonw/simd`
[INFO] [stderr] error: the lock file /workspace/builds/worker-3/source/Cargo.lock needs to be updated but --locked was passed to prevent this
[INFO] [stderr] If you want to try to generate the lock file without accessing the network, use the --offline flag.
[INFO] the lockfile is outdated, regenerating it
[INFO] running `Command { std: "/workspace/cargo-home/bin/cargo" "+72f88fc4e9458f89516a0b8b0868f3718aec5b47" "generate-lockfile" "--manifest-path" "Cargo.toml" "-Zno-index-update", kill_on_drop: false }`
[INFO] [stderr]     Updating git repository `https://github.com/huonw/simd`
[INFO] running `Command { std: "/workspace/cargo-home/bin/cargo" "+72f88fc4e9458f89516a0b8b0868f3718aec5b47" "fetch" "--locked" "--manifest-path" "Cargo.toml", kill_on_drop: false }`
[INFO] running `Command { std: "docker" "create" "-v" "/var/lib/crater-agent-workspace/builds/worker-3/target:/opt/rustwide/target:rw,Z" "-v" "/var/lib/crater-agent-workspace/builds/worker-3/source:/opt/rustwide/workdir:ro,Z" "-v" "/var/lib/crater-agent-workspace/cargo-home:/opt/rustwide/cargo-home:ro,Z" "-v" "/var/lib/crater-agent-workspace/rustup-home:/opt/rustwide/rustup-home:ro,Z" "-e" "SOURCE_DIR=/opt/rustwide/workdir" "-e" "CARGO_TARGET_DIR=/opt/rustwide/target" "-e" "CARGO_HOME=/opt/rustwide/cargo-home" "-e" "RUSTUP_HOME=/opt/rustwide/rustup-home" "-w" "/opt/rustwide/workdir" "-m" "1610612736" "--user" "0:0" "--network" "none" "rustops/crates-build-env@sha256:d92eaeed33fa75130ca1ee6c8a01d1ffb62bac859dfdfb3450e3e5d1c0146529" "/opt/rustwide/cargo-home/bin/cargo" "+72f88fc4e9458f89516a0b8b0868f3718aec5b47" "metadata" "--no-deps" "--format-version=1", kill_on_drop: false }`
[INFO] [stdout] e7cfe5ed6ae7248f6a7f847f86a00dd4f98004e0da009bd9eea874d4d17d2d61
[INFO] [stderr] WARNING: Your kernel does not support swap limit capabilities or the cgroup is not mounted. Memory limited without swap.
[INFO] running `Command { std: "docker" "start" "-a" "e7cfe5ed6ae7248f6a7f847f86a00dd4f98004e0da009bd9eea874d4d17d2d61", kill_on_drop: false }`
[INFO] running `Command { std: "docker" "inspect" "e7cfe5ed6ae7248f6a7f847f86a00dd4f98004e0da009bd9eea874d4d17d2d61", kill_on_drop: false }`
[INFO] running `Command { std: "docker" "rm" "-f" "e7cfe5ed6ae7248f6a7f847f86a00dd4f98004e0da009bd9eea874d4d17d2d61", kill_on_drop: false }`
[INFO] [stdout] e7cfe5ed6ae7248f6a7f847f86a00dd4f98004e0da009bd9eea874d4d17d2d61
[INFO] running `Command { std: "docker" "create" "-v" "/var/lib/crater-agent-workspace/builds/worker-3/target:/opt/rustwide/target:rw,Z" "-v" "/var/lib/crater-agent-workspace/builds/worker-3/source:/opt/rustwide/workdir:ro,Z" "-v" "/var/lib/crater-agent-workspace/cargo-home:/opt/rustwide/cargo-home:ro,Z" "-v" "/var/lib/crater-agent-workspace/rustup-home:/opt/rustwide/rustup-home:ro,Z" "-e" "SOURCE_DIR=/opt/rustwide/workdir" "-e" "CARGO_TARGET_DIR=/opt/rustwide/target" "-e" "CARGO_INCREMENTAL=0" "-e" "RUST_BACKTRACE=full" "-e" "RUSTFLAGS=--cap-lints=forbid" "-e" "CARGO_HOME=/opt/rustwide/cargo-home" "-e" "RUSTUP_HOME=/opt/rustwide/rustup-home" "-w" "/opt/rustwide/workdir" "-m" "1610612736" "--user" "0:0" "--network" "none" "rustops/crates-build-env@sha256:d92eaeed33fa75130ca1ee6c8a01d1ffb62bac859dfdfb3450e3e5d1c0146529" "/opt/rustwide/cargo-home/bin/cargo" "+72f88fc4e9458f89516a0b8b0868f3718aec5b47" "check" "--frozen" "--all" "--all-targets" "--message-format=json", kill_on_drop: false }`
[INFO] [stdout] d78ecb7d45a613b03839de9f63eb516cd01dee75f002eb3ca0633067abd6db94
[INFO] [stderr] WARNING: Your kernel does not support swap limit capabilities or the cgroup is not mounted. Memory limited without swap.
[INFO] running `Command { std: "docker" "start" "-a" "d78ecb7d45a613b03839de9f63eb516cd01dee75f002eb3ca0633067abd6db94", kill_on_drop: false }`
[INFO] [stderr]    Compiling libc v0.2.77
[INFO] [stderr]    Compiling proc-macro2 v1.0.21
[INFO] [stderr]    Compiling syn v1.0.41
[INFO] [stderr]     Checking inflate v0.1.1
[INFO] [stderr]     Checking regex-syntax v0.3.9
[INFO] [stderr]     Checking color_quant v1.0.1
[INFO] [stderr]     Checking utf8-ranges v0.1.3
[INFO] [stderr]     Checking glob v0.2.11
[INFO] [stderr]     Checking crossbeam v0.1.6
[INFO] [stderr]     Checking byteorder v0.4.2
[INFO] [stderr]     Checking strsim v0.5.2
[INFO] [stderr]     Checking lazy_static v0.2.11
[INFO] [stderr]     Checking simd v0.1.1 (https://github.com/huonw/simd#0d85d25d)
[INFO] [stderr]    Compiling num-traits v0.2.12
[INFO] [stderr]    Compiling num-integer v0.1.43
[INFO] [stderr]    Compiling miniz-sys v0.1.12
[INFO] [stderr]    Compiling standback v0.2.10
[INFO] [stderr]    Compiling time v0.2.19
[INFO] [stderr]     Checking gif v0.6.0
[INFO] [stdout] error[E0277]: the trait bound `U: Simd` is not satisfied
[INFO] [stdout]    --> /opt/rustwide/cargo-home/git/checkouts/simd-a428b8cc9c1d1986/0d85d25/src/lib.rs:195:19
[INFO] [stdout]     |
[INFO] [stdout] 68  | pub unsafe trait Simd {
[INFO] [stdout]     |                  ---- required by a bound in this
[INFO] [stdout] 69  |     /// The corresponding boolean vector type.
[INFO] [stdout] 70  |     type Bool: Simd;
[INFO] [stdout]     |                ---- required by this bound in `Simd`
[INFO] [stdout] ...
[INFO] [stdout] 195 |     fn simd_eq<T: Simd<Bool = U>, U>(x: T, y: T) -> U;
[INFO] [stdout]     |                   ^^^^^^^^^^^^^^ the trait `Simd` is not implemented for `U`
[INFO] [stdout] 
[INFO] [stdout] 
[INFO] [stdout] error[E0277]: the trait bound `U: Simd` is not satisfied
[INFO] [stdout]    --> /opt/rustwide/cargo-home/git/checkouts/simd-a428b8cc9c1d1986/0d85d25/src/lib.rs:196:19
[INFO] [stdout]     |
[INFO] [stdout] 68  | pub unsafe trait Simd {
[INFO] [stdout]     |                  ---- required by a bound in this
[INFO] [stdout] 69  |     /// The corresponding boolean vector type.
[INFO] [stdout] 70  |     type Bool: Simd;
[INFO] [stdout]     |                ---- required by this bound in `Simd`
[INFO] [stdout] ...
[INFO] [stdout] 196 |     fn simd_ne<T: Simd<Bool = U>, U>(x: T, y: T) -> U;
[INFO] [stdout]     |                   ^^^^^^^^^^^^^^ the trait `Simd` is not implemented for `U`
[INFO] [stdout] 
[INFO] [stdout] 
[INFO] [stdout] error[E0277]: the trait bound `U: Simd` is not satisfied
[INFO] [stdout]    --> /opt/rustwide/cargo-home/git/checkouts/simd-a428b8cc9c1d1986/0d85d25/src/lib.rs:197:19
[INFO] [stdout]     |
[INFO] [stdout] 68  | pub unsafe trait Simd {
[INFO] [stdout]     |                  ---- required by a bound in this
[INFO] [stdout] 69  |     /// The corresponding boolean vector type.
[INFO] [stdout] 70  |     type Bool: Simd;
[INFO] [stdout]     |                ---- required by this bound in `Simd`
[INFO] [stdout] ...
[INFO] [stdout] 197 |     fn simd_lt<T: Simd<Bool = U>, U>(x: T, y: T) -> U;
[INFO] [stdout]     |                   ^^^^^^^^^^^^^^ the trait `Simd` is not implemented for `U`
[INFO] [stdout] 
[INFO] [stdout] 
[INFO] [stdout] error[E0277]: the trait bound `U: Simd` is not satisfied
[INFO] [stdout]    --> /opt/rustwide/cargo-home/git/checkouts/simd-a428b8cc9c1d1986/0d85d25/src/lib.rs:198:19
[INFO] [stdout]     |
[INFO] [stdout] 68  | pub unsafe trait Simd {
[INFO] [stdout]     |                  ---- required by a bound in this
[INFO] [stdout] 69  |     /// The corresponding boolean vector type.
[INFO] [stdout] 70  |     type Bool: Simd;
[INFO] [stdout]     |                ---- required by this bound in `Simd`
[INFO] [stdout] ...
[INFO] [stdout] 198 |     fn simd_le<T: Simd<Bool = U>, U>(x: T, y: T) -> U;
[INFO] [stdout]     |                   ^^^^^^^^^^^^^^ the trait `Simd` is not implemented for `U`
[INFO] [stdout] 
[INFO] [stdout] 
[INFO] [stdout] error[E0277]: the trait bound `U: Simd` is not satisfied
[INFO] [stdout]    --> /opt/rustwide/cargo-home/git/checkouts/simd-a428b8cc9c1d1986/0d85d25/src/lib.rs:199:19
[INFO] [stdout]     |
[INFO] [stdout] 68  | pub unsafe trait Simd {
[INFO] [stdout]     |                  ---- required by a bound in this
[INFO] [stdout] 69  |     /// The corresponding boolean vector type.
[INFO] [stdout] 70  |     type Bool: Simd;
[INFO] [stdout]     |                ---- required by this bound in `Simd`
[INFO] [stdout] ...
[INFO] [stdout] 199 |     fn simd_gt<T: Simd<Bool = U>, U>(x: T, y: T) -> U;
[INFO] [stdout]     |                   ^^^^^^^^^^^^^^ the trait `Simd` is not implemented for `U`
[INFO] [stdout] 
[INFO] [stdout] 
[INFO] [stdout] error[E0277]: the trait bound `U: Simd` is not satisfied
[INFO] [stdout]    --> /opt/rustwide/cargo-home/git/checkouts/simd-a428b8cc9c1d1986/0d85d25/src/lib.rs:200:19
[INFO] [stdout]     |
[INFO] [stdout] 68  | pub unsafe trait Simd {
[INFO] [stdout]     |                  ---- required by a bound in this
[INFO] [stdout] 69  |     /// The corresponding boolean vector type.
[INFO] [stdout] 70  |     type Bool: Simd;
[INFO] [stdout]     |                ---- required by this bound in `Simd`
[INFO] [stdout] ...
[INFO] [stdout] 200 |     fn simd_ge<T: Simd<Bool = U>, U>(x: T, y: T) -> U;
[INFO] [stdout]     |                   ^^^^^^^^^^^^^^ the trait `Simd` is not implemented for `U`
[INFO] [stdout] 
[INFO] [stdout] 
[INFO] [stdout] error[E0512]: cannot transmute between types of different sizes, or dependently-sized types
[INFO] [stdout]   --> /opt/rustwide/cargo-home/registry/src/github.com-1ecc6299db9ec823/crossbeam-0.1.6/src/sync/seg_queue.rs:34:29
[INFO] [stdout]    |
[INFO] [stdout] 34 |             ready: unsafe { mem::transmute([0usize; SEG_SIZE]) },
[INFO] [stdout]    |                             ^^^^^^^^^^^^^^
[INFO] [stdout]    |
[INFO] [stdout]    = note: source type: `[usize; 32]` (2048 bits)
[INFO] [stdout]    = note: target type: `[AtomicBool; 32]` (256 bits)
[INFO] [stdout] 
[INFO] [stdout] 
[INFO] [stdout] error: aborting due to previous error
[INFO] [stdout] 
[INFO] [stdout] 
[INFO] [stdout] For more information about this error, try `rustc --explain E0512`.
[INFO] [stdout] 
[INFO] [stderr] error: could not compile `crossbeam`.
[INFO] [stderr] 
[INFO] [stderr] To learn more, run the command again with --verbose.
[INFO] [stderr] warning: build failed, waiting for other jobs to finish...
[INFO] [stdout] error: aborting due to 6 previous errors
[INFO] [stdout] 
[INFO] [stdout] 
[INFO] [stdout] For more information about this error, try `rustc --explain E0277`.
[INFO] [stdout] 
[INFO] [stderr] error: build failed
[INFO] running `Command { std: "docker" "inspect" "d78ecb7d45a613b03839de9f63eb516cd01dee75f002eb3ca0633067abd6db94", kill_on_drop: false }`
[INFO] running `Command { std: "docker" "rm" "-f" "d78ecb7d45a613b03839de9f63eb516cd01dee75f002eb3ca0633067abd6db94", kill_on_drop: false }`
[INFO] [stdout] d78ecb7d45a613b03839de9f63eb516cd01dee75f002eb3ca0633067abd6db94
